{"id":2649,"date":"2021-10-01T19:30:42","date_gmt":"2021-10-01T16:30:42","guid":{"rendered":"http:\/\/segmenlersu.com.tr\/?page_id=2649"},"modified":"2022-11-02T12:44:47","modified_gmt":"2022-11-02T09:44:47","slug":"haberler","status":"publish","type":"page","link":"https:\/\/segmenlersu.com.tr\/index.php\/haberler\/","title":{"rendered":"Haberler"},"content":{"rendered":"\t\t<div data-elementor-type=\"wp-page\" data-elementor-id=\"2649\" class=\"elementor elementor-2649\" data-elementor-settings=\"[]\">\n\t\t\t\t\t\t\t<div class=\"elementor-section-wrap\">\n\t\t\t\t\t\t\t<section class=\"elementor-section elementor-top-section elementor-element elementor-element-13c123d elementor-section-boxed elementor-section-height-default elementor-section-height-default\" data-id=\"13c123d\" data-element_type=\"section\">\n\t\t\t\t\t\t<div class=\"elementor-container elementor-column-gap-default\">\n\t\t\t\t\t<div class=\"elementor-column elementor-col-100 elementor-top-column elementor-element elementor-element-cf08fb6\" data-id=\"cf08fb6\" data-element_type=\"column\">\n\t\t\t<div class=\"elementor-widget-wrap elementor-element-populated\">\n\t\t\t\t\t\t\t\t<div class=\"elementor-element elementor-element-d653295 elementor-widget elementor-widget-heading\" data-id=\"d653295\" data-element_type=\"widget\" data-widget_type=\"heading.default\">\n\t\t\t\t<div class=\"elementor-widget-container\">\n\t\t\t<h2 class=\"elementor-heading-title elementor-size-default\">Kurumsal Haberler<\/h2>\t\t<\/div>\n\t\t\t\t<\/div>\n\t\t\t\t\t<\/div>\n\t\t<\/div>\n\t\t\t\t\t\t\t<\/div>\n\t\t<\/section>\n\t\t\t\t<section class=\"elementor-section elementor-top-section elementor-element elementor-element-5ac4db2 elementor-section-boxed elementor-section-height-default elementor-section-height-default\" data-id=\"5ac4db2\" data-element_type=\"section\">\n\t\t\t\t\t\t<div class=\"elementor-container elementor-column-gap-default\">\n\t\t\t\t\t<div class=\"elementor-column elementor-col-100 elementor-top-column elementor-element elementor-element-dc5e686\" data-id=\"dc5e686\" data-element_type=\"column\">\n\t\t\t<div class=\"elementor-widget-wrap elementor-element-populated\">\n\t\t\t\t\t\t\t\t<div class=\"elementor-element elementor-element-2ba86bd elementor-grid-3 elementor-grid-tablet-2 elementor-grid-mobile-1 elementor-posts--thumbnail-top elementor-widget elementor-widget-posts\" data-id=\"2ba86bd\" data-element_type=\"widget\" data-settings=\"{&quot;classic_columns&quot;:&quot;3&quot;,&quot;classic_columns_tablet&quot;:&quot;2&quot;,&quot;classic_columns_mobile&quot;:&quot;1&quot;,&quot;classic_row_gap&quot;:{&quot;unit&quot;:&quot;px&quot;,&quot;size&quot;:35,&quot;sizes&quot;:[]}}\" data-widget_type=\"posts.classic\">\n\t\t\t\t<div class=\"elementor-widget-container\">\n\t\t\t\t\t<div class=\"elementor-posts-container elementor-posts elementor-posts--skin-classic elementor-grid\">\n\t\t\t\t<article class=\"elementor-post elementor-grid-item post-3127 post type-post status-publish format-standard has-post-thumbnail hentry category-genel\">\n\t\t\t\t<a class=\"elementor-post__thumbnail__link\" href=\"https:\/\/segmenlersu.com.tr\/index.php\/2024\/12\/19\/2024-yilinda-sponsor-oldugumuz-spor-kuluplerine-destek-verdik\/\" >\n\t\t\t<div class=\"elementor-post__thumbnail\"><img loading=\"lazy\" decoding=\"async\" width=\"300\" height=\"200\" src=\"https:\/\/segmenlersu.com.tr\/wp-content\/uploads\/2022\/07\/WhatsApp-Image-2024-12-19-at-10.05.00-300x200.jpeg\" class=\"attachment-medium size-medium\" alt=\"\" srcset=\"https:\/\/segmenlersu.com.tr\/wp-content\/uploads\/2022\/07\/WhatsApp-Image-2024-12-19-at-10.05.00-300x200.jpeg 300w, https:\/\/segmenlersu.com.tr\/wp-content\/uploads\/2022\/07\/WhatsApp-Image-2024-12-19-at-10.05.00-1024x682.jpeg 1024w, https:\/\/segmenlersu.com.tr\/wp-content\/uploads\/2022\/07\/WhatsApp-Image-2024-12-19-at-10.05.00-768x512.jpeg 768w, https:\/\/segmenlersu.com.tr\/wp-content\/uploads\/2022\/07\/WhatsApp-Image-2024-12-19-at-10.05.00-1536x1023.jpeg 1536w, https:\/\/segmenlersu.com.tr\/wp-content\/uploads\/2022\/07\/WhatsApp-Image-2024-12-19-at-10.05.00-1200x800.jpeg 1200w, https:\/\/segmenlersu.com.tr\/wp-content\/uploads\/2022\/07\/WhatsApp-Image-2024-12-19-at-10.05.00-810x540.jpeg 810w, https:\/\/segmenlersu.com.tr\/wp-content\/uploads\/2022\/07\/WhatsApp-Image-2024-12-19-at-10.05.00.jpeg 1600w\" sizes=\"auto, (max-width: 300px) 100vw, 300px\" \/><\/div>\n\t\t<\/a>\n\t\t\t\t<div class=\"elementor-post__text\">\n\t\t\t\t<h3 class=\"elementor-post__title\">\n\t\t\t<a href=\"https:\/\/segmenlersu.com.tr\/index.php\/2024\/12\/19\/2024-yilinda-sponsor-oldugumuz-spor-kuluplerine-destek-verdik\/\" >\n\t\t\t\t2024 y\u0131l\u0131nda sponsor oldu\u011fumuz spor kul\u00fcplerine destek verdik.\t\t\t<\/a>\n\t\t<\/h3>\n\t\t\t\t<div class=\"elementor-post__meta-data\">\n\t\t\t\t\t<span class=\"elementor-post-date\">\n\t\t\t19 Aral\u0131k 2024\t\t<\/span>\n\t\t\t\t<\/div>\n\t\t\t\t<div class=\"elementor-post__excerpt\">\n\t\t\t<p>\u00a0 \u00a0Ger\u00e7ekle\u015fen ma\u00e7lar ve antrenmanlardan g\u00f6r\u00fcnt\u00fcler. \u00a0 \u00a0 \u00a0<\/p>\n\t\t<\/div>\n\t\t\t\t\t<a class=\"elementor-post__read-more\" href=\"https:\/\/segmenlersu.com.tr\/index.php\/2024\/12\/19\/2024-yilinda-sponsor-oldugumuz-spor-kuluplerine-destek-verdik\/\" >\n\t\t\t\tHaberin Devam\u0131 \u00bb\t\t\t<\/a>\n\t\t\t\t<\/div>\n\t\t\t\t<\/article>\n\t\t\t\t<article class=\"elementor-post elementor-grid-item post-3006 post type-post status-publish format-standard has-post-thumbnail hentry category-genel\">\n\t\t\t\t<a class=\"elementor-post__thumbnail__link\" href=\"https:\/\/segmenlersu.com.tr\/index.php\/2022\/03\/17\/ukraynali-sivillere-yardim-tiri\/\" >\n\t\t\t<div class=\"elementor-post__thumbnail\"><img loading=\"lazy\" decoding=\"async\" width=\"300\" height=\"206\" src=\"https:\/\/segmenlersu.com.tr\/wp-content\/uploads\/2022\/03\/WhatsApp-Image-2022-03-17-at-6.51.14-PM-300x206.jpeg\" class=\"attachment-medium size-medium\" alt=\"\" srcset=\"https:\/\/segmenlersu.com.tr\/wp-content\/uploads\/2022\/03\/WhatsApp-Image-2022-03-17-at-6.51.14-PM-300x206.jpeg 300w, https:\/\/segmenlersu.com.tr\/wp-content\/uploads\/2022\/03\/WhatsApp-Image-2022-03-17-at-6.51.14-PM-1024x704.jpeg 1024w, https:\/\/segmenlersu.com.tr\/wp-content\/uploads\/2022\/03\/WhatsApp-Image-2022-03-17-at-6.51.14-PM-768x528.jpeg 768w, https:\/\/segmenlersu.com.tr\/wp-content\/uploads\/2022\/03\/WhatsApp-Image-2022-03-17-at-6.51.14-PM-1536x1057.jpeg 1536w, https:\/\/segmenlersu.com.tr\/wp-content\/uploads\/2022\/03\/WhatsApp-Image-2022-03-17-at-6.51.14-PM.jpeg 1596w\" sizes=\"auto, (max-width: 300px) 100vw, 300px\" \/><\/div>\n\t\t<\/a>\n\t\t\t\t<div class=\"elementor-post__text\">\n\t\t\t\t<h3 class=\"elementor-post__title\">\n\t\t\t<a href=\"https:\/\/segmenlersu.com.tr\/index.php\/2022\/03\/17\/ukraynali-sivillere-yardim-tiri\/\" >\n\t\t\t\tUkraynal\u0131 sivillere yard\u0131m t\u0131r\u0131.\t\t\t<\/a>\n\t\t<\/h3>\n\t\t\t\t<div class=\"elementor-post__meta-data\">\n\t\t\t\t\t<span class=\"elementor-post-date\">\n\t\t\t17 Mart 2022\t\t<\/span>\n\t\t\t\t<\/div>\n\t\t\t\t<div class=\"elementor-post__excerpt\">\n\t\t\t<p>\u00a0 Ukraynada sava\u015ftan etkilenen sivillere teslim edilmek \u00fczere 1 t\u0131r su T\u00fcrk K\u0131z\u0131lay\u0131na teslim edildi. \u00a0 \u00a0 \u00a0<\/p>\n\t\t<\/div>\n\t\t\t\t\t<a class=\"elementor-post__read-more\" href=\"https:\/\/segmenlersu.com.tr\/index.php\/2022\/03\/17\/ukraynali-sivillere-yardim-tiri\/\" >\n\t\t\t\tHaberin Devam\u0131 \u00bb\t\t\t<\/a>\n\t\t\t\t<\/div>\n\t\t\t\t<\/article>\n\t\t\t\t<article class=\"elementor-post elementor-grid-item post-2925 post type-post status-publish format-standard has-post-thumbnail hentry category-genel\">\n\t\t\t\t<a class=\"elementor-post__thumbnail__link\" href=\"https:\/\/segmenlersu.com.tr\/index.php\/2021\/12\/28\/basinda-segmen-su\/\" >\n\t\t\t<div class=\"elementor-post__thumbnail\"><img loading=\"lazy\" decoding=\"async\" width=\"300\" height=\"243\" src=\"https:\/\/segmenlersu.com.tr\/wp-content\/uploads\/2021\/12\/Basinda-Segmen-Su-e1640679529920.jpeg\" class=\"attachment-medium size-medium\" alt=\"\" \/><\/div>\n\t\t<\/a>\n\t\t\t\t<div class=\"elementor-post__text\">\n\t\t\t\t<h3 class=\"elementor-post__title\">\n\t\t\t<a href=\"https:\/\/segmenlersu.com.tr\/index.php\/2021\/12\/28\/basinda-segmen-su\/\" >\n\t\t\t\tBas\u0131nda Se\u011fmen Su\t\t\t<\/a>\n\t\t<\/h3>\n\t\t\t\t<div class=\"elementor-post__meta-data\">\n\t\t\t\t\t<span class=\"elementor-post-date\">\n\t\t\t28 Aral\u0131k 2021\t\t<\/span>\n\t\t\t\t<\/div>\n\t\t\t\t<div class=\"elementor-post__excerpt\">\n\t\t\t<p>Se\u011fmenler P\u0131nar\u0131 markam\u0131z yeni suyu, yeni tad\u0131 ve yeni y\u00fcz\u00fcyle halk\u0131m\u0131z\u0131n hizmetine sunuldu. \u00a0 \u00a0 \u00a0 \u00a0 \u00a0 \u00a0 \u00a0<\/p>\n\t\t<\/div>\n\t\t\t\t\t<a class=\"elementor-post__read-more\" href=\"https:\/\/segmenlersu.com.tr\/index.php\/2021\/12\/28\/basinda-segmen-su\/\" >\n\t\t\t\tHaberin Devam\u0131 \u00bb\t\t\t<\/a>\n\t\t\t\t<\/div>\n\t\t\t\t<\/article>\n\t\t\t\t<\/div>\n\n\n\t\t\n\t\t\t\t<\/div>\n\t\t\t\t<\/div>\n\t\t\t\t\t<\/div>\n\t\t<\/div>\n\t\t\t\t\t\t\t<\/div>\n\t\t<\/section>\n\t\t\t\t\t\t<\/div>\n\t\t\t\t\t<\/div>\n\t\t","protected":false},"excerpt":{"rendered":"<p>Kurumsal Haberler<\/p>\n","protected":false},"author":1,"featured_media":0,"parent":0,"menu_order":0,"comment_status":"closed","ping_status":"closed","template":"","meta":{"footnotes":""},"class_list":["post-2649","page","type-page","status-publish","hentry"],"_links":{"self":[{"href":"https:\/\/segmenlersu.com.tr\/index.php\/wp-json\/wp\/v2\/pages\/2649","targetHints":{"allow":["GET"]}}],"collection":[{"href":"https:\/\/segmenlersu.com.tr\/index.php\/wp-json\/wp\/v2\/pages"}],"about":[{"href":"https:\/\/segmenlersu.com.tr\/index.php\/wp-json\/wp\/v2\/types\/page"}],"author":[{"embeddable":true,"href":"https:\/\/segmenlersu.com.tr\/index.php\/wp-json\/wp\/v2\/users\/1"}],"replies":[{"embeddable":true,"href":"https:\/\/segmenlersu.com.tr\/index.php\/wp-json\/wp\/v2\/comments?post=2649"}],"version-history":[{"count":28,"href":"https:\/\/segmenlersu.com.tr\/index.php\/wp-json\/wp\/v2\/pages\/2649\/revisions"}],"predecessor-version":[{"id":3331,"href":"https:\/\/segmenlersu.com.tr\/index.php\/wp-json\/wp\/v2\/pages\/2649\/revisions\/3331"}],"wp:attachment":[{"href":"https:\/\/segmenlersu.com.tr\/index.php\/wp-json\/wp\/v2\/media?parent=2649"}],"curies":[{"name":"wp","href":"https:\/\/api.w.org\/{rel}","templated":true}]}}