{"id":2683,"date":"2021-11-12T14:57:59","date_gmt":"2021-11-12T11:57:59","guid":{"rendered":"http:\/\/segmenlersu.com.tr\/?page_id=2683"},"modified":"2025-12-10T16:51:33","modified_gmt":"2025-12-10T13:51:33","slug":"hakkimizda","status":"publish","type":"page","link":"https:\/\/segmenlersu.com.tr\/index.php\/hakkimizda\/","title":{"rendered":"Hakk\u0131m\u0131zda"},"content":{"rendered":"\t\t<div data-elementor-type=\"wp-page\" data-elementor-id=\"2683\" class=\"elementor elementor-2683\" data-elementor-settings=\"[]\">\n\t\t\t\t\t\t\t<div class=\"elementor-section-wrap\">\n\t\t\t\t\t\t\t<section class=\"elementor-section elementor-top-section elementor-element elementor-element-e62d4f5 elementor-section-stretched elementor-section-content-middle elementor-section-boxed elementor-section-height-default elementor-section-height-default\" data-id=\"e62d4f5\" data-element_type=\"section\" data-settings=\"{&quot;stretch_section&quot;:&quot;section-stretched&quot;,&quot;background_background&quot;:&quot;classic&quot;}\">\n\t\t\t\t\t\t<div class=\"elementor-container elementor-column-gap-extended\">\n\t\t\t\t\t<div class=\"elementor-column elementor-col-33 elementor-top-column elementor-element elementor-element-9568253\" data-id=\"9568253\" data-element_type=\"column\">\n\t\t\t<div class=\"elementor-widget-wrap elementor-element-populated\">\n\t\t\t\t\t\t\t\t<div class=\"elementor-element elementor-element-9e17d3c elementor-widget elementor-widget-spacer\" data-id=\"9e17d3c\" data-element_type=\"widget\" data-widget_type=\"spacer.default\">\n\t\t\t\t<div class=\"elementor-widget-container\">\n\t\t\t\t\t<div class=\"elementor-spacer\">\n\t\t\t<div class=\"elementor-spacer-inner\"><\/div>\n\t\t<\/div>\n\t\t\t\t<\/div>\n\t\t\t\t<\/div>\n\t\t\t\t<div class=\"elementor-element elementor-element-ff99ac9 elementor-widget elementor-widget-heading\" data-id=\"ff99ac9\" data-element_type=\"widget\" data-widget_type=\"heading.default\">\n\t\t\t\t<div class=\"elementor-widget-container\">\n\t\t\t<h2 class=\"elementor-heading-title elementor-size-default\">\nHAKKIMIZDA<\/h2>\t\t<\/div>\n\t\t\t\t<\/div>\n\t\t\t\t<div class=\"elementor-element elementor-element-ce19ddc elementor-widget elementor-widget-text-editor\" data-id=\"ce19ddc\" data-element_type=\"widget\" data-widget_type=\"text-editor.default\">\n\t\t\t\t<div class=\"elementor-widget-container\">\n\t\t\t\t\t\t\t\t<div><p><strong>Se\u011fmen Su A.\u015e. \u00fc\u00e7 ayr\u0131 fabrikas\u0131nda 2 marka ile (\u0130NC\u0130 ve SE\u011eMENLER PINARI) \u00fcretim faaliyetine devam etmektedir.<\/strong><\/p><p><strong><u>BA\u011e\u0130\u00c7\u0130 FABR\u0130KA<\/u><\/strong><\/p><p>Tesisimiz Konya Yolu 50. Km. Ba\u011fi\u00e7i Mah. No:80 G\u00f6lba\u015f\u0131\/ANKARA adresinde bulunmaktad\u0131r.<\/p><p>\u00dcretim tesisimiz 6.000 m\u00b2 kapal\u0131, 13.500 m\u00b2 a\u00e7\u0131k olmak \u00fczere 19.500 m\u00b2 alana sahiptir.<\/p><p><strong><u>B\u00dcY\u00dcKYA\u011eCI FABR\u0130KA<\/u><\/strong><\/p><p>\u00dcretim tesisimiz Ankara ili Haymana \u0130l\u00e7esi B\u00fcy\u00fckya\u011fc\u0131 Mahallesinde bulunmaktad\u0131r. Tesisimizde 8.000 m2 kapal\u0131, 23.000 m2 a\u00e7\u0131k alan olmak \u00fczere toplamda 31.000 m2\u2019lik bir arazide \u00fcretimimiz ger\u00e7ekle\u015ftirilmektedir.<\/p><p><u><b>G\u00dcZELCEKALE FABR\u0130KA<\/b><\/u><\/p><p>5115 m2 alanda,400 m2 dolumhane,100 m2 idari bina,25\u00a0 m2 trafo<b><u> <\/u><\/b>merkezinden olu\u015fan fabrikam\u0131zda \u0130nci markal\u0131 Do\u011fal Kaynak Suyu dolumu yap\u0131lmaktad\u0131r<b><u>.<br \/><\/u><\/b><\/p><p>Se\u011fmenler P\u0131nar\u0131 Su kayna\u011f\u0131n\u0131n \u00e7\u0131k\u0131\u015f noktalar\u0131, kaynaktan d\u00fczenli yararlanmak, kirlilik \u00f6nlemek ve suyun borulara aktar\u0131lmas\u0131 i\u00e7in kaptaj ad\u0131 verilen beton yap\u0131 ile in\u015fa edilmi\u015ftir. Kaynaktan gelen suyun Sa\u011fl\u0131k bakanl\u0131\u011f\u0131nca yay\u0131mlanan y\u00f6netmeli\u011fe uygun olarak tasarlanan ve d\u00fczenli olarak dezenfekte edilen depolarda, herhangi bir kirlilikten ka\u00e7\u0131nmak amac\u0131yla kapal\u0131 olarak ve hijyenik \u015fekillerde muhafaza edilmektedir. Depolama i\u015flemi sonras\u0131nda filtreleme ve steril hava ile temas ettirme a\u015famalar\u0131ndan ge\u00e7en \u00fcr\u00fcn tam otomatik makinelerde el de\u011fmeden \u00fcretilmektedir.\u00a0<\/p><p>Fabrikalar\u0131m\u0131z SSYB&#8217;nin \u0130nsani T\u00fcketim Ama\u00e7l\u0131 Sular Hakk\u0131nda Y\u00f6netmeli\u011fi gere\u011fi \u0130l Sa\u011fl\u0131k M\u00fcd\u00fcrl\u00fc\u011f\u00fc taraf\u0131ndan denetimlere tabi tutulmakta ve y\u0131l boyunca \u00fcretim miktarlar\u0131na g\u00f6re belirlenen s\u0131kl\u0131klarda su numuneleri al\u0131nmaktad\u0131r. Al\u0131nan bu numunelerin, H\u0131fz\u0131ss\u0131hha ve Halk Sa\u011fl\u0131\u011f\u0131 Laboratuvarlar\u0131&#8217;nda suyun kalitesi test edilmek suretiyle y\u00f6netmeli\u011fe uygunlu\u011fu raporlanmaktad\u0131r.<\/p><p><strong>Se\u011fmen Su A.\u015e. bir T.C. ANKARA B\u00dcY\u00dcK\u015eEH\u0130R BELED\u0130YES\u0130 i\u015ftirakidir.<\/strong><\/p><\/div>\t\t\t\t\t\t<\/div>\n\t\t\t\t<\/div>\n\t\t\t\t\t<\/div>\n\t\t<\/div>\n\t\t\t\t<div class=\"elementor-column elementor-col-33 elementor-top-column elementor-element elementor-element-54f1e64 elementor-hidden-tablet elementor-hidden-phone\" data-id=\"54f1e64\" data-element_type=\"column\">\n\t\t\t<div class=\"elementor-widget-wrap\">\n\t\t\t\t\t\t\t\t\t<\/div>\n\t\t<\/div>\n\t\t\t\t<div class=\"elementor-column elementor-col-33 elementor-top-column elementor-element elementor-element-39f386b\" data-id=\"39f386b\" data-element_type=\"column\">\n\t\t\t<div class=\"elementor-widget-wrap\">\n\t\t\t\t\t\t\t\t\t<\/div>\n\t\t<\/div>\n\t\t\t\t\t\t\t<\/div>\n\t\t<\/section>\n\t\t\t\t<section class=\"elementor-section elementor-top-section elementor-element elementor-element-45c2599f animated-slow elementor-section-boxed elementor-section-height-default elementor-section-height-default elementor-invisible\" data-id=\"45c2599f\" data-element_type=\"section\" data-settings=\"{&quot;background_background&quot;:&quot;classic&quot;,&quot;animation&quot;:&quot;slideInUp&quot;,&quot;animation_delay&quot;:500}\">\n\t\t\t\t\t\t\t<div class=\"elementor-background-overlay\"><\/div>\n\t\t\t\t\t\t\t<div class=\"elementor-container elementor-column-gap-default\">\n\t\t\t\t\t<div class=\"elementor-column elementor-col-100 elementor-top-column elementor-element elementor-element-505d6a20\" data-id=\"505d6a20\" data-element_type=\"column\">\n\t\t\t<div class=\"elementor-widget-wrap elementor-element-populated\">\n\t\t\t\t\t\t\t\t<div class=\"elementor-element elementor-element-6027cc91 elementor-widget elementor-widget-image-carousel\" data-id=\"6027cc91\" data-element_type=\"widget\" data-settings=\"{&quot;slides_to_show&quot;:&quot;4&quot;,&quot;navigation&quot;:&quot;none&quot;,&quot;autoplay&quot;:&quot;yes&quot;,&quot;pause_on_hover&quot;:&quot;yes&quot;,&quot;pause_on_interaction&quot;:&quot;yes&quot;,&quot;autoplay_speed&quot;:5000,&quot;infinite&quot;:&quot;yes&quot;,&quot;speed&quot;:500}\" data-widget_type=\"image-carousel.default\">\n\t\t\t\t<div class=\"elementor-widget-container\">\n\t\t\t\t\t<div class=\"elementor-image-carousel-wrapper swiper-container\" dir=\"ltr\">\n\t\t\t<div class=\"elementor-image-carousel swiper-wrapper\">\n\t\t\t\t<div class=\"swiper-slide\"><figure class=\"swiper-slide-inner\"><img decoding=\"async\" class=\"swiper-slide-image\" src=\"https:\/\/segmenlersu.com.tr\/wp-content\/uploads\/elementor\/thumbs\/Ekran_goruntusu_2025-12-10_164136png-removebg-preview-rfycfyv26t1ml5fan2bqbuy5zjncbgooji6t417q1o.png\" alt=\"\" \/><\/figure><\/div>\t\t\t<\/div>\n\t\t\t\t\t<\/div>\n\t\t\t\t<\/div>\n\t\t\t\t<\/div>\n\t\t\t\t\t<\/div>\n\t\t<\/div>\n\t\t\t\t\t\t\t<\/div>\n\t\t<\/section>\n\t\t\t\t<section class=\"elementor-section elementor-top-section elementor-element elementor-element-2bac7ebe elementor-section-content-middle elementor-section-boxed elementor-section-height-default elementor-section-height-default\" data-id=\"2bac7ebe\" data-element_type=\"section\">\n\t\t\t\t\t\t<div class=\"elementor-container elementor-column-gap-no\">\n\t\t\t\t\t<div class=\"elementor-column elementor-col-100 elementor-top-column elementor-element elementor-element-48a33105\" data-id=\"48a33105\" data-element_type=\"column\">\n\t\t\t<div class=\"elementor-widget-wrap elementor-element-populated\">\n\t\t\t\t\t\t\t\t<section class=\"elementor-section elementor-inner-section elementor-element elementor-element-4e428932 elementor-section-content-middle elementor-section-boxed elementor-section-height-default elementor-section-height-default\" data-id=\"4e428932\" data-element_type=\"section\">\n\t\t\t\t\t\t<div class=\"elementor-container elementor-column-gap-default\">\n\t\t\t\t\t<div class=\"elementor-column elementor-col-33 elementor-inner-column elementor-element elementor-element-596f8977\" data-id=\"596f8977\" data-element_type=\"column\">\n\t\t\t<div class=\"elementor-widget-wrap elementor-element-populated\">\n\t\t\t\t\t\t\t\t<div class=\"elementor-element elementor-element-55e16ac3 elementor-cta--skin-cover elementor-cta--valign-middle elementor-bg-transform elementor-bg-transform-zoom-out elementor-animated-content elementor-widget elementor-widget-call-to-action\" data-id=\"55e16ac3\" data-element_type=\"widget\" data-widget_type=\"call-to-action.default\">\n\t\t\t\t<div class=\"elementor-widget-container\">\n\t\t\t\t\t<div  class=\"elementor-cta\">\n\t\t\t\t\t<div class=\"elementor-cta__bg-wrapper\">\n\t\t\t\t<div class=\"elementor-cta__bg elementor-bg\" style=\"background-image: url();\"><\/div>\n\t\t\t\t<div class=\"elementor-cta__bg-overlay\"><\/div>\n\t\t\t<\/div>\n\t\t\t\t\t\t\t<div class=\"elementor-cta__content\">\n\t\t\t\t\t\t\t\t\t<div class=\"elementor-content-item elementor-cta__content-item elementor-cta__image elementor-animated-item--grow\">\n\t\t\t\t\t\t<img loading=\"lazy\" decoding=\"async\" width=\"200\" height=\"150\" src=\"https:\/\/segmenlersu.com.tr\/wp-content\/uploads\/2021\/11\/film.png\" class=\"attachment-full size-full\" alt=\"\" \/>\t\t\t\t\t<\/div>\n\t\t\t\t\n\t\t\t\t\n\t\t\t\t\n\t\t\t\t\t\t\t<\/div>\n\t\t\t\t\t\t<\/div>\n\t\t\t\t<\/div>\n\t\t\t\t<\/div>\n\t\t\t\t\t<\/div>\n\t\t<\/div>\n\t\t\t\t<div class=\"elementor-column elementor-col-33 elementor-inner-column elementor-element elementor-element-752fcd5b\" data-id=\"752fcd5b\" data-element_type=\"column\">\n\t\t\t<div class=\"elementor-widget-wrap elementor-element-populated\">\n\t\t\t\t\t\t\t\t<div class=\"elementor-element elementor-element-3ac3184b elementor-cta--skin-cover elementor-cta--valign-middle elementor-bg-transform elementor-bg-transform-zoom-out elementor-animated-content elementor-widget elementor-widget-call-to-action\" data-id=\"3ac3184b\" data-element_type=\"widget\" data-widget_type=\"call-to-action.default\">\n\t\t\t\t<div class=\"elementor-widget-container\">\n\t\t\t\t\t<div  class=\"elementor-cta\">\n\t\t\t\t\t<div class=\"elementor-cta__bg-wrapper\">\n\t\t\t\t<div class=\"elementor-cta__bg elementor-bg\" style=\"background-image: url();\"><\/div>\n\t\t\t\t<div class=\"elementor-cta__bg-overlay\"><\/div>\n\t\t\t<\/div>\n\t\t\t\t\t\t\t<div class=\"elementor-cta__content\">\n\t\t\t\t\t\t\t\t\t<div class=\"elementor-content-item elementor-cta__content-item elementor-cta__image elementor-animated-item--grow\">\n\t\t\t\t\t\t<img loading=\"lazy\" decoding=\"async\" width=\"200\" height=\"150\" src=\"https:\/\/segmenlersu.com.tr\/wp-content\/uploads\/2021\/11\/basinodasi.png\" class=\"attachment-full size-full\" alt=\"\" \/>\t\t\t\t\t<\/div>\n\t\t\t\t\n\t\t\t\t\n\t\t\t\t\n\t\t\t\t\t\t\t<\/div>\n\t\t\t\t\t\t<\/div>\n\t\t\t\t<\/div>\n\t\t\t\t<\/div>\n\t\t\t\t\t<\/div>\n\t\t<\/div>\n\t\t\t\t<div class=\"elementor-column elementor-col-33 elementor-inner-column elementor-element elementor-element-179e1a58\" data-id=\"179e1a58\" data-element_type=\"column\">\n\t\t\t<div class=\"elementor-widget-wrap elementor-element-populated\">\n\t\t\t\t\t\t\t\t<div class=\"elementor-element elementor-element-52532fe3 elementor-cta--skin-cover elementor-cta--valign-middle elementor-bg-transform elementor-bg-transform-zoom-out elementor-animated-content elementor-widget elementor-widget-call-to-action\" data-id=\"52532fe3\" data-element_type=\"widget\" data-widget_type=\"call-to-action.default\">\n\t\t\t\t<div class=\"elementor-widget-container\">\n\t\t\t\t\t<div  class=\"elementor-cta\">\n\t\t\t\t\t<div class=\"elementor-cta__bg-wrapper\">\n\t\t\t\t<div class=\"elementor-cta__bg elementor-bg\" style=\"background-image: url();\"><\/div>\n\t\t\t\t<div class=\"elementor-cta__bg-overlay\"><\/div>\n\t\t\t<\/div>\n\t\t\t\t\t\t\t<div class=\"elementor-cta__content\">\n\t\t\t\t\t\t\t\t\t<div class=\"elementor-content-item elementor-cta__content-item elementor-cta__image elementor-animated-item--grow\">\n\t\t\t\t\t\t<img loading=\"lazy\" decoding=\"async\" width=\"200\" height=\"150\" src=\"https:\/\/segmenlersu.com.tr\/wp-content\/uploads\/2021\/11\/duyuru.png\" class=\"attachment-full size-full\" alt=\"\" \/>\t\t\t\t\t<\/div>\n\t\t\t\t\n\t\t\t\t\n\t\t\t\t\n\t\t\t\t\t\t\t<\/div>\n\t\t\t\t\t\t<\/div>\n\t\t\t\t<\/div>\n\t\t\t\t<\/div>\n\t\t\t\t\t<\/div>\n\t\t<\/div>\n\t\t\t\t\t\t\t<\/div>\n\t\t<\/section>\n\t\t\t\t\t<\/div>\n\t\t<\/div>\n\t\t\t\t\t\t\t<\/div>\n\t\t<\/section>\n\t\t\t\t<section class=\"elementor-section elementor-top-section elementor-element elementor-element-7258b0a5 elementor-section-full_width elementor-section-stretched elementor-section-height-default elementor-section-height-default\" data-id=\"7258b0a5\" data-element_type=\"section\" data-settings=\"{&quot;stretch_section&quot;:&quot;section-stretched&quot;,&quot;background_background&quot;:&quot;classic&quot;}\">\n\t\t\t\t\t\t<div class=\"elementor-container elementor-column-gap-default\">\n\t\t\t\t\t<div class=\"elementor-column elementor-col-100 elementor-top-column elementor-element elementor-element-ede3d65\" data-id=\"ede3d65\" data-element_type=\"column\">\n\t\t\t<div class=\"elementor-widget-wrap elementor-element-populated\">\n\t\t\t\t\t\t\t\t<div class=\"elementor-element elementor-element-2907ead8 elementor-widget elementor-widget-image\" data-id=\"2907ead8\" data-element_type=\"widget\" data-widget_type=\"image.default\">\n\t\t\t\t<div class=\"elementor-widget-container\">\n\t\t\t\t\t\t\t\t\t\t\t\t\t\t\t<img loading=\"lazy\" decoding=\"async\" width=\"300\" height=\"96\" src=\"https:\/\/segmenlersu.com.tr\/wp-content\/uploads\/2025\/12\/Ekran_goruntusu_2025-12-10_164136png-removebg-preview-300x96.png\" class=\"attachment-medium size-medium\" alt=\"\" srcset=\"https:\/\/segmenlersu.com.tr\/wp-content\/uploads\/2025\/12\/Ekran_goruntusu_2025-12-10_164136png-removebg-preview-300x96.png 300w, https:\/\/segmenlersu.com.tr\/wp-content\/uploads\/2025\/12\/Ekran_goruntusu_2025-12-10_164136png-removebg-preview-768x245.png 768w, https:\/\/segmenlersu.com.tr\/wp-content\/uploads\/2025\/12\/Ekran_goruntusu_2025-12-10_164136png-removebg-preview.png 870w\" sizes=\"auto, (max-width: 300px) 100vw, 300px\" \/>\t\t\t\t\t\t\t\t\t\t\t\t\t\t\t<\/div>\n\t\t\t\t<\/div>\n\t\t\t\t\t<\/div>\n\t\t<\/div>\n\t\t\t\t\t\t\t<\/div>\n\t\t<\/section>\n\t\t\t\t\t\t<\/div>\n\t\t\t\t\t<\/div>\n\t\t","protected":false},"excerpt":{"rendered":"<p>HAKKIMIZDA Se\u011fmen Su A.\u015e. \u00fc\u00e7 ayr\u0131 fabrikas\u0131nda 2 marka ile (\u0130NC\u0130 ve SE\u011eMENLER PINARI) \u00fcretim faaliyetine devam etmektedir. BA\u011e\u0130\u00c7\u0130 FABR\u0130KA Tesisimiz Konya Yolu 50. Km. Ba\u011fi\u00e7i Mah. No:80 G\u00f6lba\u015f\u0131\/ANKARA adresinde bulunmaktad\u0131r. \u00dcretim tesisimiz 6.000 m\u00b2 kapal\u0131, 13.500 m\u00b2 a\u00e7\u0131k olmak \u00fczere 19.500 m\u00b2 alana sahiptir. B\u00dcY\u00dcKYA\u011eCI FABR\u0130KA \u00dcretim tesisimiz Ankara ili Haymana \u0130l\u00e7esi B\u00fcy\u00fckya\u011fc\u0131 Mahallesinde &hellip; <br \/><a href=\"https:\/\/segmenlersu.com.tr\/index.php\/hakkimizda\/\" class=\"more-link\">Continue reading <span class=\"screen-reader-text\">Hakk\u0131m\u0131zda<\/span><\/a><\/p>\n","protected":false},"author":1,"featured_media":0,"parent":0,"menu_order":0,"comment_status":"closed","ping_status":"closed","template":"","meta":{"footnotes":""},"class_list":["post-2683","page","type-page","status-publish","hentry"],"_links":{"self":[{"href":"https:\/\/segmenlersu.com.tr\/index.php\/wp-json\/wp\/v2\/pages\/2683","targetHints":{"allow":["GET"]}}],"collection":[{"href":"https:\/\/segmenlersu.com.tr\/index.php\/wp-json\/wp\/v2\/pages"}],"about":[{"href":"https:\/\/segmenlersu.com.tr\/index.php\/wp-json\/wp\/v2\/types\/page"}],"author":[{"embeddable":true,"href":"https:\/\/segmenlersu.com.tr\/index.php\/wp-json\/wp\/v2\/users\/1"}],"replies":[{"embeddable":true,"href":"https:\/\/segmenlersu.com.tr\/index.php\/wp-json\/wp\/v2\/comments?post=2683"}],"version-history":[{"count":83,"href":"https:\/\/segmenlersu.com.tr\/index.php\/wp-json\/wp\/v2\/pages\/2683\/revisions"}],"predecessor-version":[{"id":3896,"href":"https:\/\/segmenlersu.com.tr\/index.php\/wp-json\/wp\/v2\/pages\/2683\/revisions\/3896"}],"wp:attachment":[{"href":"https:\/\/segmenlersu.com.tr\/index.php\/wp-json\/wp\/v2\/media?parent=2683"}],"curies":[{"name":"wp","href":"https:\/\/api.w.org\/{rel}","templated":true}]}}